41 is divided by 36?
33
Calculate the remainder when 51020 is divided by 259.
256
Calculate the remainder when 1757 is divided by 76.
9
Calculate the remainder when 291 is divided by 42.
39
Calculate the remainder when 403 is divided by 17.
12
Calculate the remainder when 2688 is divided by 55.
48
What is the remainder when 608 is divided by 154?
146
Calculate the remainder when 298 is divided by 157.
141
Calculate the remainder when 411 is divided by 59.
57
Calculate the remainder when 73467 is divided by 465.
462
What is the remainder when 408 is divided by 26?
18
What is the remainder when 629 is divided by 310?
9
What is the remainder when 160 is divided by 52?
4
Calculate the remainder when 7789 is divided by 49.
47
What is the remainder when 8271 is divided by 4?
3
Calculate the remainder when 46 is divided by 2.
0
Calculate the remainder when 4787 is divided by 28.
27
Calculate the remainder when 386 is divided by 56.
50
Calculate the remainder when 1250 is divided by 217.
165
Calculate the remainder when 311 is divided by 45.
41
What is the remainder when 216 is divided by 118?
98
Calculate the remainder when 356 is divided by 18.
14
What is the remainder when 41 is divided by 24?
17
What is the remainder when 368 is divided by 19?
7
What is the remainder when 275 is divided by 57?
47
What is the remainder when 31 is divided by 2?
1
What is the remainder when 26821 is divided by 8935?
16
What is the remainder when 236 is divided by 16?
12
Calculate the remainder when 69 is divided by 50.
19
Calculate the remainder when 15545 is divided by 3109.
0
Calculate the remainder when 170 is divided by 20.
10
What is the remainder when 497 is divided by 374?
123
Calculate the remainder when 57 is divided by 12.
9
What is the remainder when 73 is divided by 52?
21
What is the remainder when 226 is divided by 38?
36
Calculate the remainder when 3381 is divided by 12.
9
Calculate the remainder when 52 is divided by 36.
16
Calculate the remainder when 9177 is divided by 153.
150
What is the remainder when 1409 is divided by 417?
158
What is the remainder when 417 is divided by 6?
3
What is the remainder when 130 is divided by 53?
24
Calculate the remainder when 1426 is divided by 34.
32
Calculate the remainder when 1083 is divided by 33.
27
What is the remainder when 998 is divided by 100?
98
What is the remainder when 1117 is divided by 14?
11
What is the remainder when 4056 is divided by 15?
6
What is the remainder when 221 is divided by 214?
7
What is the remainder when 140 is divided by 42?
14
Calculate the remainder when 1405 is divided by 679.
47
What is the remainder when 1281 is divided by 182?
7
Calculate the remainder when 806 is divided by 50.
6
Calculate the remainder when 835 is divided by 264.
43
Calculate the remainder when 660 is divided by 18.
12
What is the remainder when 12690 is divided by 604?
6
What is the remainder when 10377 is divided by 22?
15
Calculate the remainder when 400 is divided by 120.
40
What is the remainder when 5103 is divided by 116?
115
Calculate the remainder when 997 is divided by 248.
5
Calculate the remainder when 3010 is divided by 749.
14
Calculate the remainder when 382 is divided by 51.
25
What is the remainder when 1933 is divided by 162?
151
What is the remainder when 348 is divided by 212?
136
Calculate the remainder when 94 is divided by 36.
22
What is the remainder when 4771 is divided by 31?
28
What is the remainder when 320 is divided by 173?
147
Calculate the remainder when 268 is divided by 68.
64
What is the remainder when 221 is divided by 16?
13
What is the remainder when 299 is divided by 15?
14
What is the remainder when 122 is divided by 19?
8
What is the remainder when 208 is divided by 152?
56
Calculate the remainder when 483 is divided by 44.
43
Calculate the remainder when 950 is divided by 17.
15
What is the remainder when 340 is divided by 7?
4
Calculate the remainder when 644 is divided by 316.
12
Calculate the remainder when 753 is divided by 13.
12
What is the remainder when 75 is divided by 43?
32
Calculate the remainder when 214 is divided by 61.
31
What is the remainder when 319 is divided by 32?
31
Calculate the remainder when 1320 is divided by 27.
24
Calculate the remainder when 71 is divided by 5.
1
Calculate the remainder when 1202 is divided by 14.
12
Calculate the remainder when 1438 is divided by 179.
6
What is the remainder when 375 is divided by 59?
21
What is the remainder when 2793 is divided by 33?
21
Calculate the remainder when 218 is divided by 10.
8
What is the remainder when 98 is divided by 62?
36
Calculate the remainder when 54 is divided by 29.
25
What is the remainder when 74 is divided by 19?
17
Calculate the remainder when 266 is divided by 54.
50
What is the remainder when 981 is divided by 487?
7
What is the remainder when 647 is divided by 25?
22
What is the remainder when 391 is divided by 20?
11
Calculate the remainder when 222 is divided by 68.
18
Calculate the remainder when 6900 is divided by 238.
236
Calculate the remainder when 840 is divided by 209.
4
Calculate the remainder when 4574 is divided by 29.
21
Calculate the remainder when 197 is divided by 23.
13
What is the remainder when 3378 is divided by 671?
23
Calculate the remainder when 250 is divided by 42.
40
What is the remainder when 2087 is divided by 4?
3
What is the remainder when 565 is divided by 184?
13
Calculate the remainder when 823 is divided by 71.
42
What is the remainder when 17211 is divided by 52?
51
What is the remainder when 237 is divided by 47?
2
What is the remainder when 615 is divided by 10?
5
What is the remainder when 12640 is divided by 116?
112
What is the remainder when 206 is divided by 62?
20
What is the remainder when 2568 is divided by 13?
7
What is the remainder when 64 is divided by 19?
7
Calculate the remainder when 3319 is divided by 37.
26
What is the remainder when 827 is divided by 64?
59
What is the remainder when 7587 is divided by 66?
63
What is the remainder when 810 is divided by 11?
7
Calculate the remainder when 79 is divided by 12.
7
Calculate the remainder when 224 is divided by 65.
29
Calculate the remainder when 750 is divided by 187.
2
What is the remainder when 161 is divided by 12?
5
Calculate the remainder when 13043 is divided by 12.
11
What is the remainder when 716 is divided by 205?
101
Calculate the remainder when 112 is divided by 56.
0
Calculate the remainder when 540 is divided by 34.
30
What is the remainder when 80 is divided by 14?
10
Calculate the remainder when 165 is divided by 24.
21
Calculate the remainder when 816 is divided by 192.
48
What is the remainder when 787 is divided by 79?
76
What is the remainder when 1999 is divided by 13?
10
Calculate the remainder when 72 is divided by 20.
12
Calculate the remainder when 331 is divided by 67.
63
What is the remainder when 1342 is divided by 48?
46
Calculate the remainder when 1822 is divided by 20.
2
Calculate the remainder when 575 is divided by 12.
11
Calculate the remainder when 401 is divided by 99.
5
What is the remainder when 131 is divided by 35?
26
What is the remainder when 315 is divided by 160?
155
Calculate the remainder when 199 is divided by 67.
65
What is the remainder when 425 is divided by 418?
7
Calculate the remainder when 35 is divided by 9.
8
What is the remainder when 118 is divided by 30?
28
Calculate the remainder when 5303 is divided by 14.
11
Calculate the remainder when 79 is divided by 4.
3
What is the remainder when 5156 is divided by 86?
82
Calculate the remainder when 320 is divided by 17.
14
What is the remainder when 109 is divided by 42?
25
What is the remainder when 150 is divided by 29?
5
What is the remainder when 1352 is divided by 223?
14
Calculate the remainder when 2657 is divided by 140.
137
Calculate the remainder when 613 is divided by 4.
1
Calculate the remainder when 320 is divided by 46.
44
Calculate the remainder when 167 is divided by 48.
23
What is the remainder when 30 is divided by 22?
8
Calculate the remainder when 5588 is divided by 207.
206
What is the remainder when 2404 is divided by 83?
80
What is the remainder when 4538 is divided by 8?
2
What is the remainder when 229 is divided by 41?
24
What is the re